 + 25. List the prime factors of (-64)/192 + (-1)/(h/(-853)).
2, 71
Suppose 4*b + 32 = -h + 3*h, 3*h = -3*b + 12. Let t(f) = 4*f**3 - 9*f**2 + 3*f - 1. List the prime factors of t(h).
5, 13, 23
Let p = -260 + -491. Let j = 295 - p. What are the prime factors of j?
2, 523
Let a be (0/1)/(-18 - -16). Let d be 260 - (-3)/15*a. Suppose 5*k = 3*f + 260, -f - f = 5*k - d. List the prime factors of k.
2, 13
Let g(c) be the second derivative of -3*c**3 - 4*c**2 + 2*c. Let v be g(-8). What are the prime factors of 4 + v/6*3/2?
2, 19
Suppose -17*y - 28*y = 31*y - 791692. What are the prime factors of y?
11, 947
Let m(d) = 2*d - 6. Let q be m(5). Suppose 0 = q*r - 162 - 446. Suppose -4*c + n = -637, 5*c - 628 = -2*n + r. What are the prime factors of c?
2, 79
Let p = -46 - -49. Let d be p - (-7)/((-21)/(-36)) - -2. Let t = d - -13. List the prime factors of t.
2, 3, 5
Let o = 82 - 87. What are the prime factors of 201/2 + (-8)/(-80)*o?
2, 5
Let z(b) = 1325*b + 746. List the prime factors of z(8).
2, 3, 31, 61
Let w(b) = -b**3 - 64*b**2 + 192*b + 430. What are the prime factors of w(-70)?
2, 5, 11, 149
Let g be -2 - (0 + -1) - (-7 + 11). Let m be (4572/(-10))/(47/10 + g). Suppose -294 = -9*z + m. What are the prime factors of z?
2, 101
Let h be ((-450)/120)/(10/(-48)). Suppose -h*p + 8155 + 6245 = 0. List the prime factors of p.
2, 5
Suppose -287 = -2*r + 3*i, -2*r = -i + 2*i - 299. Let g be r + -3 - (0 - 1). Suppose 2*q + 63 = k - g, 4*q = 5*k - 1069. What are the prime factors of k?
7, 31
Suppose -43*l = -37*l - 54. Let y = -23 - l. Let u = y - -41. List the prime factors of u.
3
Let x(h) = 902*h**3 - 12*h**2 + 32*h - 18. What are the prime factors of x(2)?
2, 3607
Suppose 5*s - 2*a = -4*a + 769, -5*s + 4*a = -787. Let n = 173 + s. What are the prime factors of n?
2, 41
Let a(q) = q**2 - 11*q + 45. Let h be a(14). Suppose 2*p + 5*v + 96 = 0, 0 = -p - 4*v + 5*v - 62. Let o = h - p. List the prime factors of o.
5, 29
Let a be 0 + 0 - 2/(-2). Let j = 12179 - 12180. What are the prime factors of (2 + -123)*j - a?
2, 3, 5
Let x(m) = -3*m**3 + 7*m**2 + 30*m + 210. List the prime factors of x(-10).
2, 5, 19
List the prime factors of (-3 - 120/(-35)) + (-4736)/(-56)*449.
13, 23, 127
Let h be -1 + (5 + -3 - -3). Suppose -2*n + 568 = 3*u, h*u + 2*n - 166 = 592. Suppose 2*p + 170 = 3*b, -3*p = 3*b - p - u. List the prime factors of b.
2, 3, 5
Let l(t) = t**2 - 17*t - 81. Let p be l(-4). Suppose i + 3*i + 5*v - 1033 = 0, 1023 = 4*i + p*v. What are the prime factors of i?
2, 3, 7
Let f = 226 - -253. Suppose 1490 = 3*s + f. List the prime factors of s.
337
Let q = 6944 - 3896. List the prime factors of q.
2, 3, 127
List the prime factors of 28988 - (1/7 - 1552/(-112)).
2, 3, 11, 439
Suppose -14*d - 3595 = 437. Let q = 134 + d. Let p = q + 232. List the prime factors of p.
2, 3, 13
Let h(b) = 8*b**3 - 5*b**2 + 1. Let m be h(2). List the prime factors of 16449/27 - (20/m)/2.
3, 7, 29
Suppose 5*f - 5*w - 7 + 2 = 0, 0 = -3*f - 5*w - 37. What are the prime factors of -3*((-995)/15 + f)?
211
Let d(y) be the third derivative of y**5/12 + y**3 - 6*y**2. Suppose s - u = -7, -2*u = u. List the prime factors of d(s).
251
Let g(q) be the third derivative of q**5/60 - q**4/8 + 16*q**3/3 - q**2 + 9. What are the prime factors of g(-17)?
2, 3, 31
Suppose -d + 4626 + 8431 = 0. List the prime factors of d.
11, 1187
What are the prime factors of (((-444400)/48)/(-25))/(1/39)?
11, 13, 101
Let c be (3 - (1 + 3)) + 4. Suppose 2*y - c*y + 2 = 0. Suppose -y*x + x = -44. What are the prime factors of x?
2, 11
Suppose -2*l + j = -130699, 4*l - 269074 = -3*j - 7701. What are the prime factors of l?
101, 647
Let n(i) = -2*i**2 - 20*i + 65. Let b be n(8). Let a = b - -364. List the prime factors of a.
3, 47
Suppose 5*h - 210 = 5*n, n + 4*h + 79 - 22 = 0. Let g = n + 49. Suppose -413 = -g*y + 3*l, -5*l - 5 = -10*l. What are the prime factors of y?
2, 13
Let i(z) = -1 + 14 + 3 + 3 - z. Let w be i(23). Let j(m) = -2*m**3 - 3*m**2 - 6*m + 4. List the prime factors of j(w).
2, 3
Let t(w) = 37*w + 7. Let v(o) = 37*o + 6. Let x(p) = 4*t(p) - 5*v(p). Let y be x(2). Let k = 153 + y. List the prime factors of k.
7, 11
What are the prime factors of 752692/(-85)*(-15)/18 + 10/15?
2, 3, 5, 41
Let i be 2/(-24) + (-8239)/(-84). Let g = 1 + i. List the prime factors of g.
3, 11
Suppose 3*c + 2*t - 6 = 2*c, 0 = -t. Suppose 3*n - c*n - 4*y = -80, -y - 46 = -2*n. List the prime factors of n.
2, 3
Let c(p) = -177*p**3 + 43*p**2 + 170*p - 61. List the prime factors of c(-6).
38699
Let r = 73 - 21. Suppose -60*x + 11504 = -r*x. What are the prime factors of x?
2, 719
Suppose 3439 - 13060 - 11084 = -5*g. What are the prime factors of g?
41, 101
Let i = 29736 + -14472. List the prime factors of i.
2, 3, 53
Let u(a) = 470*a**2 + 1354*a + 2. List the prime factors of u(-3).
2, 5, 17
Let d(t) be the second derivative of -3*t - 25/6*t**3 - 21/2*t**2 + 0. What are the prime factors of d(-5)?
2, 13
Let u(c) = 1351*c**2 - 8*c + 22. What are the prime factors of u(-2)?
2, 3, 907
Let d(p) = 2*p**2 + 4*p + 2. Let z be d(-2). Suppose 0 = z*a - 20. What are the prime factors of a?
2, 5
Suppose 11*j - 5*j - 6144 = 0. Suppose 2*i - j = -6*i. Let t = i + -70. List the prime factors of t.
2, 29
Let s = -703 - -1024. Let k = -505 + s. Let q = k + 288. List the prime factors of q.
2, 13
Suppose 5*q = -2 + 7. Let s be 2 + -9*(q + (-4)/6). Let m = 32 + s. List the prime factors of m.
31
Suppose 0*u = -2*g + u + 154, 0 = 3*g + 4*u - 242. List the prime factors of 4/(1 - 77/g).
2, 3, 13
Let c(r) = -r**2 + 58*r - 274. What are the prime factors of c(43)?
7, 53
Let s(q) = 5*q**3 + 7*q**2 + 3*q + 4. Let j be s(4). Suppose 3*l - 895 = -2*p, p - l = 2*p - j. What are the prime factors of p?
449
Let u = 161 + -159. Suppose -5*t + 2*h = -7*t + 1784, t + u*h - 887 = 0. What are the prime factors of t?
3, 13, 23
List the prime factors of 2 - (12 + -15) - -10950.
5, 7, 313
Let b = 46 + -34. Suppose -14*g + b = -11*g. Suppose -4 = -3*c - 7, -5*v + g*c = -584. List the prime factors of v.
2, 29
Let a = 32749 - 15568. List the prime factors of a.
3, 23, 83
Suppose -5*y - v = 0, y + 4*v - 3*v + 4 = 0. Let p be 80/(-6)*(y + -4). Suppose -5*c = -p - 260. What are the prime factors of c?
2, 3, 5
Let q = -132 + 140. Suppose q = -2*l, l + 3*l = o - 200. What are the prime factors of o?
2, 23
Suppose -1905070 = -27*i - 409864. List the prime factors of i.
2, 27689
Let b(m) = -12*m**3 + 3*m**2 - 11*m - 10. Let u be (-1)/(-5 + 21/4)*1. What are the prime factors of b(u)?
2, 5, 17
Suppose i - 10 = -4. Suppose 0 = -10*g + i*g + 1748. Suppose -3*v + 5*p = -g, 3*p + 755 = 6*v - v. List the prime factors of v.
2, 7, 11
List the prime factors of 344/1548 - (1454500/36)/(-1).
11, 3673
Suppose -n + 9 = -0*c + 2*c, 4*n + 8 = 3*c. Suppose 5 = v, -o - 180 = -3*o - c*v. Suppose -10*j + 18*j = o. What are the prime factors of j?
2, 5
What are the prime factors of 413479/8 - (8 + 1005/(-120))/3?
5, 10337
Let c(r) = 45*r + 80. Let x(b) = -b + 15. Let a be x(4). What are the prime factors of c(a)?
5, 23
Let y be 2/5 - (-26)/10. Suppose 0 = y*v - 1093 - 104. What are the prime factors of v?
3, 7, 19
Suppose -9*l - b = -8*l - 13241, -26476 = -2*l - b. What are the prime factors of l?
5, 2647
List the prime factors of ((-7240)/2)/((-380)/285).
3, 5, 181
Let r(s) = -66*s**3 - 4*s**2 + 8*s - 2. Let j(i) = -66*i**3 - 3*i**2 + 7*i - 1. Let u(c) = 5*j(c) - 4*r(c). List the prime factors of u(-2).
23
Suppose 106*p + 15*p = 482306. List the prime factors of p.
2, 1993
Let o = 32984 - -6258. What are the prime factors of o?
2, 7, 2803
Let q be 1358/42 - (-2)/3. Suppose -144 = -q*h + 31*h. List the prime factors of h.
2, 3
Suppose -8714 = -3*d - 5*a, 21 = -a + 22. Suppose 3 = 60*b - 63*b, 3*p = -4*b + d. List the prime factors of p.
3, 17, 19
Let d = -36 + -73. Let o = -152 - d. Let n = 14 - o. What are the prime factors of n?
3, 19
Let n be 28 + ((-31)/(-5) - 4/20). Suppose z = 4*c + 284, -3*z + n*c = 38*c - 804. List the prime factors of z.
2, 17
Let y = -16 + 100. Let s = y - 32. Let t = s + 34. List the prime factors of t.
2, 43
Suppose 41*u - 382079 - 237293 = -11*u. List the prime factors of u.
43, 277
Suppose 41*w - 401952 - 161101 = 0. List the prime factors of w.
31, 443
Sup